{"id":297,"date":"2022-09-28T15:12:43","date_gmt":"2022-09-28T13:12:43","guid":{"rendered":"http:\/\/pascalinecuvelier.org\/?page_id=297"},"modified":"2022-09-28T15:12:43","modified_gmt":"2022-09-28T13:12:43","slug":"du-sens-dans-lutile","status":"publish","type":"page","link":"https:\/\/pascalinecuvelier.org\/index.php\/du-sens-dans-lutile\/","title":{"rendered":"Du sens dans l&rsquo;utile"},"content":{"rendered":"\n<h2 class=\"wp-block-heading\">9 entreprises, 9 cr\u00e9ateurs<\/h2>\n\n\n\n<p>Auteurs: <a href=\"https:\/\/www.worldcat.org\/fr\/search?q=au=%22Darmon,%20Franc%CC%A7oise%22\">Fran\u00e7oise Darmon<\/a>,\u00a0<a href=\"https:\/\/www.worldcat.org\/fr\/search?q=au=%22Benai%CC%88m,%20Laurence%22\">Laurence Bena\u00efm<\/a>,\u00a0<a href=\"https:\/\/www.worldcat.org\/fr\/search?q=au=%22Cuvelier,%20Pascaline%22\">Pascaline Cuvelier<\/a>\u00a0et\u00a0<a href=\"https:\/\/www.worldcat.org\/fr\/search?q=au=%22Goldwicht,%20Serge%22\">Serge Goldwicht<\/a><\/p>\n\n\n\n<p><strong>Livre imprim\u00e9<\/strong>&nbsp;et&nbsp;1992<\/p>\n\n\n\n<p>\u00c9diteur: Ch\u00eane,\u00a0Paris\u00a0et\u00a01992<\/p>\n\n\n\n<figure class=\"wp-block-image size-full\"><img loading=\"lazy\" decoding=\"async\" width=\"335\" height=\"500\" src=\"https:\/\/pascalinecuvelier.org\/wp-content\/uploads\/2022\/09\/9createurs.jpg\" alt=\"\" class=\"wp-image-298\" srcset=\"https:\/\/pascalinecuvelier.org\/wp-content\/uploads\/2022\/09\/9createurs.jpg 335w, https:\/\/pascalinecuvelier.org\/wp-content\/uploads\/2022\/09\/9createurs-201x300.jpg 201w\" sizes=\"auto, (max-width: 335px) 100vw, 335px\" \/><\/figure>\n","protected":false},"excerpt":{"rendered":"<p>9 entreprises, 9 cr\u00e9ateurs Auteurs: Fran\u00e7oise Darmon,\u00a0Laurence Bena\u00efm,\u00a0Pascaline Cuvelier\u00a0et\u00a0Serge Goldwicht Livre imprim\u00e9&nbsp;et&nbsp;1992 \u00c9diteur: Ch\u00eane,\u00a0Paris\u00a0et\u00a01992<\/p>\n","protected":false},"author":1,"featured_media":0,"parent":0,"menu_order":0,"comment_status":"closed","ping_status":"closed","template":"","meta":{"footnotes":""},"class_list":["post-297","page","type-page","status-publish","hentry"],"_links":{"self":[{"href":"https:\/\/pascalinecuvelier.org\/index.php\/wp-json\/wp\/v2\/pages\/297","targetHints":{"allow":["GET"]}}],"collection":[{"href":"https:\/\/pascalinecuvelier.org\/index.php\/wp-json\/wp\/v2\/pages"}],"about":[{"href":"https:\/\/pascalinecuvelier.org\/index.php\/wp-json\/wp\/v2\/types\/page"}],"author":[{"embeddable":true,"href":"https:\/\/pascalinecuvelier.org\/index.php\/wp-json\/wp\/v2\/users\/1"}],"replies":[{"embeddable":true,"href":"https:\/\/pascalinecuvelier.org\/index.php\/wp-json\/wp\/v2\/comments?post=297"}],"version-history":[{"count":1,"href":"https:\/\/pascalinecuvelier.org\/index.php\/wp-json\/wp\/v2\/pages\/297\/revisions"}],"predecessor-version":[{"id":299,"href":"https:\/\/pascalinecuvelier.org\/index.php\/wp-json\/wp\/v2\/pages\/297\/revisions\/299"}],"wp:attachment":[{"href":"https:\/\/pascalinecuvelier.org\/index.php\/wp-json\/wp\/v2\/media?parent=297"}],"curies":[{"name":"wp","href":"https:\/\/api.w.org\/{rel}","templated":true}]}}