{"id":240,"date":"2022-09-28T12:08:53","date_gmt":"2022-09-28T10:08:53","guid":{"rendered":"http:\/\/pascalinecuvelier.org\/?page_id=240"},"modified":"2022-09-28T12:14:21","modified_gmt":"2022-09-28T10:14:21","slug":"2020-2","status":"publish","type":"page","link":"https:\/\/pascalinecuvelier.org\/index.php\/2020-2\/","title":{"rendered":"2020"},"content":{"rendered":"\n<figure class=\"wp-block-image size-large\"><img loading=\"lazy\" decoding=\"async\" width=\"960\" height=\"720\" src=\"https:\/\/pascalinecuvelier.org\/wp-content\/uploads\/2022\/09\/17012020_plantes_volees.jpg\" alt=\"\" class=\"wp-image-241\" srcset=\"https:\/\/pascalinecuvelier.org\/wp-content\/uploads\/2022\/09\/17012020_plantes_volees.jpg 960w, https:\/\/pascalinecuvelier.org\/wp-content\/uploads\/2022\/09\/17012020_plantes_volees-300x225.jpg 300w, https:\/\/pascalinecuvelier.org\/wp-content\/uploads\/2022\/09\/17012020_plantes_volees-768x576.jpg 768w\" sizes=\"auto, (max-width: 960px) 100vw, 960px\" \/><figcaption>boutures coup\u00e9es, vol\u00e9es dans le jardin public pr\u00e8s de St Paul, P3 ou P4. Premi\u00e8res fleurs, blanches nivea, pr\u00e9coces, merci la crise climat-tic.<\/figcaption><\/figure>\n\n\n\n<figure class=\"wp-block-image size-large\"><img loading=\"lazy\" decoding=\"async\" width=\"2560\" height=\"1920\" src=\"https:\/\/pascalinecuvelier.org\/wp-content\/uploads\/2022\/09\/IMG_1429_photo_vanessa-scaled.jpg\" alt=\"\" class=\"wp-image-70\" srcset=\"https:\/\/pascalinecuvelier.org\/wp-content\/uploads\/2022\/09\/IMG_1429_photo_vanessa-scaled.jpg 2560w, https:\/\/pascalinecuvelier.org\/wp-content\/uploads\/2022\/09\/IMG_1429_photo_vanessa-300x225.jpg 300w, https:\/\/pascalinecuvelier.org\/wp-content\/uploads\/2022\/09\/IMG_1429_photo_vanessa-1024x768.jpg 1024w, https:\/\/pascalinecuvelier.org\/wp-content\/uploads\/2022\/09\/IMG_1429_photo_vanessa-768x576.jpg 768w, https:\/\/pascalinecuvelier.org\/wp-content\/uploads\/2022\/09\/IMG_1429_photo_vanessa-1536x1152.jpg 1536w, https:\/\/pascalinecuvelier.org\/wp-content\/uploads\/2022\/09\/IMG_1429_photo_vanessa-2048x1536.jpg 2048w\" sizes=\"auto, (max-width: 2560px) 100vw, 2560px\" \/><figcaption>Rue de Turenne<\/figcaption><\/figure>\n\n\n\n<p><\/p>\n","protected":false},"excerpt":{"rendered":"","protected":false},"author":1,"featured_media":0,"parent":0,"menu_order":0,"comment_status":"closed","ping_status":"closed","template":"","meta":{"footnotes":""},"class_list":["post-240","page","type-page","status-publish","hentry"],"_links":{"self":[{"href":"https:\/\/pascalinecuvelier.org\/index.php\/wp-json\/wp\/v2\/pages\/240","targetHints":{"allow":["GET"]}}],"collection":[{"href":"https:\/\/pascalinecuvelier.org\/index.php\/wp-json\/wp\/v2\/pages"}],"about":[{"href":"https:\/\/pascalinecuvelier.org\/index.php\/wp-json\/wp\/v2\/types\/page"}],"author":[{"embeddable":true,"href":"https:\/\/pascalinecuvelier.org\/index.php\/wp-json\/wp\/v2\/users\/1"}],"replies":[{"embeddable":true,"href":"https:\/\/pascalinecuvelier.org\/index.php\/wp-json\/wp\/v2\/comments?post=240"}],"version-history":[{"count":3,"href":"https:\/\/pascalinecuvelier.org\/index.php\/wp-json\/wp\/v2\/pages\/240\/revisions"}],"predecessor-version":[{"id":245,"href":"https:\/\/pascalinecuvelier.org\/index.php\/wp-json\/wp\/v2\/pages\/240\/revisions\/245"}],"wp:attachment":[{"href":"https:\/\/pascalinecuvelier.org\/index.php\/wp-json\/wp\/v2\/media?parent=240"}],"curies":[{"name":"wp","href":"https:\/\/api.w.org\/{rel}","templated":true}]}}