{"id":129,"date":"2022-09-27T19:50:02","date_gmt":"2022-09-27T17:50:02","guid":{"rendered":"http:\/\/pascalinecuvelier.org\/?page_id=129"},"modified":"2022-10-02T11:42:16","modified_gmt":"2022-10-02T09:42:16","slug":"eva-de-chabaneix","status":"publish","type":"page","link":"https:\/\/pascalinecuvelier.org\/index.php\/eva-de-chabaneix\/","title":{"rendered":"Eva de Chabaneix"},"content":{"rendered":"\n<p>ma tante bien aim\u00e9e, tu m&rsquo;as dit \u00e0 quel point ces moments t&rsquo;ont marqu\u00e9e > notre balade en Ferrari, tes confidences et nos \u00e9changes sur tes dessins et les miens, et puis Cardin qu&rsquo;on a regard\u00e9 main dans la main sur Arte.<\/p>\n\n\n\n<p>Je t&rsquo;aime t&rsquo;aime t&rsquo;aime, tu me manques si fort d\u00e9j\u00e0, quand je suis partie en te laissant un docu sur Arte, je t&rsquo;ai dit \u00ab\u00a0Je te laisse avec Caravage\u00a0\u00bb et tu as \u00e9clat\u00e9 de rire. C&rsquo;est ma derni\u00e8re image et tu riais, mille mercis pour toute ta joie et ta finesse, tu m&rsquo;as remplie.<\/p>\n\n\n\n<figure class=\"wp-block-image\"><img decoding=\"async\" src=\"https:\/\/static.xx.fbcdn.net\/images\/emoji.php\/v9\/tb\/2\/16\/1f499.png\" alt=\"\ud83d\udc99\"\/><\/figure>\n\n\n\n<figure class=\"wp-block-gallery has-nested-images columns-default is-cropped wp-block-gallery-1 is-layout-flex wp-block-gallery-is-layout-flex\">\n<figure class=\"wp-block-image size-large\"><img loading=\"lazy\" decoding=\"async\" width=\"768\" height=\"1024\" data-id=\"218\" src=\"https:\/\/pascalinecuvelier.org\/wp-content\/uploads\/2022\/09\/eva1-768x1024.jpg\" alt=\"\" class=\"wp-image-218\" srcset=\"https:\/\/pascalinecuvelier.org\/wp-content\/uploads\/2022\/09\/eva1-768x1024.jpg 768w, https:\/\/pascalinecuvelier.org\/wp-content\/uploads\/2022\/09\/eva1-225x300.jpg 225w, https:\/\/pascalinecuvelier.org\/wp-content\/uploads\/2022\/09\/eva1.jpg 960w\" sizes=\"auto, (max-width: 768px) 100vw, 768px\" \/><\/figure>\n\n\n\n<figure class=\"wp-block-image size-large\"><img loading=\"lazy\" decoding=\"async\" width=\"576\" height=\"1024\" data-id=\"219\" src=\"https:\/\/pascalinecuvelier.org\/wp-content\/uploads\/2022\/09\/eva2-576x1024.jpg\" alt=\"\" class=\"wp-image-219\" srcset=\"https:\/\/pascalinecuvelier.org\/wp-content\/uploads\/2022\/09\/eva2-576x1024.jpg 576w, https:\/\/pascalinecuvelier.org\/wp-content\/uploads\/2022\/09\/eva2-169x300.jpg 169w, https:\/\/pascalinecuvelier.org\/wp-content\/uploads\/2022\/09\/eva2-768x1365.jpg 768w, https:\/\/pascalinecuvelier.org\/wp-content\/uploads\/2022\/09\/eva2-864x1536.jpg 864w, https:\/\/pascalinecuvelier.org\/wp-content\/uploads\/2022\/09\/eva2.jpg 1080w\" sizes=\"auto, (max-width: 576px) 100vw, 576px\" \/><\/figure>\n\n\n\n<figure class=\"wp-block-image size-large\"><img loading=\"lazy\" decoding=\"async\" width=\"768\" height=\"1024\" data-id=\"220\" src=\"https:\/\/pascalinecuvelier.org\/wp-content\/uploads\/2022\/09\/eva3-768x1024.jpg\" alt=\"\" class=\"wp-image-220\" srcset=\"https:\/\/pascalinecuvelier.org\/wp-content\/uploads\/2022\/09\/eva3-768x1024.jpg 768w, https:\/\/pascalinecuvelier.org\/wp-content\/uploads\/2022\/09\/eva3-225x300.jpg 225w, https:\/\/pascalinecuvelier.org\/wp-content\/uploads\/2022\/09\/eva3-1152x1536.jpg 1152w, https:\/\/pascalinecuvelier.org\/wp-content\/uploads\/2022\/09\/eva3.jpg 1536w\" sizes=\"auto, (max-width: 768px) 100vw, 768px\" \/><\/figure>\n<\/figure>\n","protected":false},"excerpt":{"rendered":"<p>ma tante bien aim\u00e9e, tu m&rsquo;as dit \u00e0 quel point ces moments t&rsquo;ont marqu\u00e9e > notre balade en Ferrari, tes confidences et nos \u00e9changes sur tes dessins et les miens, et puis Cardin qu&rsquo;on a regard\u00e9 main dans la main sur Arte. Je t&rsquo;aime t&rsquo;aime t&rsquo;aime, tu me manques si fort d\u00e9j\u00e0, quand je suis [&hellip;]<\/p>\n","protected":false},"author":1,"featured_media":0,"parent":0,"menu_order":0,"comment_status":"closed","ping_status":"closed","template":"","meta":{"footnotes":""},"class_list":["post-129","page","type-page","status-publish","hentry"],"_links":{"self":[{"href":"https:\/\/pascalinecuvelier.org\/index.php\/wp-json\/wp\/v2\/pages\/129","targetHints":{"allow":["GET"]}}],"collection":[{"href":"https:\/\/pascalinecuvelier.org\/index.php\/wp-json\/wp\/v2\/pages"}],"about":[{"href":"https:\/\/pascalinecuvelier.org\/index.php\/wp-json\/wp\/v2\/types\/page"}],"author":[{"embeddable":true,"href":"https:\/\/pascalinecuvelier.org\/index.php\/wp-json\/wp\/v2\/users\/1"}],"replies":[{"embeddable":true,"href":"https:\/\/pascalinecuvelier.org\/index.php\/wp-json\/wp\/v2\/comments?post=129"}],"version-history":[{"count":6,"href":"https:\/\/pascalinecuvelier.org\/index.php\/wp-json\/wp\/v2\/pages\/129\/revisions"}],"predecessor-version":[{"id":505,"href":"https:\/\/pascalinecuvelier.org\/index.php\/wp-json\/wp\/v2\/pages\/129\/revisions\/505"}],"wp:attachment":[{"href":"https:\/\/pascalinecuvelier.org\/index.php\/wp-json\/wp\/v2\/media?parent=129"}],"curies":[{"name":"wp","href":"https:\/\/api.w.org\/{rel}","templated":true}]}}